at is 1 + -207?
-206
In base 12, what is 4 + -10?
-8
In base 6, what is -210325 - 1?
-210330
In base 4, what is 10 - 121311?
-121301
In base 10, what is -4 - -406?
402
In base 15, what is -57 - -a?
-4c
In base 14, what is 2 - 7b4?
-7b2
In base 12, what is 51 + -65?
-14
In base 7, what is -5 - -326?
321
In base 3, what is -2 + 2112?
2110
In base 10, what is 9 - -52?
61
In base 12, what is -118 + -1?
-119
In base 3, what is -102220 - 2?
-102222
In base 16, what is 16 + 0?
16
In base 7, what is -163 - -520?
324
In base 4, what is -33233 + 13?
-33220
In base 6, what is 13 - 205?
-152
In base 10, what is -659 - -6?
-653
In base 6, what is 1 - -10244?
10245
In base 12, what is -3 + -583?
-586
In base 14, what is -877c + -3?
-8781
In base 11, what is 1888 - 5?
1883
In base 11, what is -2 - 95?
-97
In base 8, what is -5 - -146?
141
In base 2, what is 101 + -1011010?
-1010101
In base 9, what is 4571 + 6?
4577
In base 2, what is 100001 - 1?
100000
In base 2, what is -10101111 - 100?
-10110011
In base 8, what is -123 - 5?
-130
In base 3, what is 1100010220 + -10?
1100010210
In base 5, what is -2222 + -2?
-2224
In base 10, what is -38 - 0?
-38
In base 5, what is 21 - 21?
0
In base 2, what is 11000011 - -1111?
11010010
In base 16, what is -2 - -9?
7
In base 6, what is -2514 - 0?
-2514
In base 13, what is -157 - 6?
-160
In base 5, what is 222 + -24?
143
In base 7, what is -24 - -5?
-16
In base 7, what is -145 + 60?
-55
In base 13, what is -974 + 5?
-96c
In base 13, what is 4 - -2a5?
2a9
In base 9, what is 167 - 56?
111
In base 11, what is -a - 4a?
-59
In base 9, what is -3 + 72?
68
In base 4, what is 1 - -102131?
102132
In base 3, what is 21 - 2?
12
In base 3, what is 10112 - 121?
2221
In base 16, what is -65 - -2?
-63
In base 4, what is 1023 + 1003?
2032
In base 8, what is 20 + -10?
10
In base 6, what is -5 - 113?
-122
In base 13, what is -26 - 1?
-27
In base 13, what is -1 - 38?
-39
In base 9, what is 4 + 72?
76
In base 16, what is 0 - 19c?
-19c
In base 5, what is -1100 - 1?
-1101
In base 9, what is -2 + 155?
153
In base 7, what is 6610 - -2?
6612
In base 11, what is 5 - -562?
567
In base 7, what is 4 - 100?
-63
In base 4, what is 3 - -31333?
32002
In base 12, what is 4 + -7?
-3
In base 5, what is 1102 + 3?
1110
In base 2, what is 101010111011101 - 101?
101010111011000
In base 6, what is 13 + 1045?
1102
In base 12, what is -1298 + 3?
-1295
In base 12, what is -64 + -4?
-68
In base 16, what is 81a - -2?
81c
In base 15, what is 0 - a?
-a
In base 2, what is 11001001000 + 11?
11001001011
In base 4, what is 130303 - 11?
130232
In base 14, what is 49 + 4?
4d
In base 3, what is -1020 - 2?
-1022
In base 10, what is -7 + 218?
211
In base 10, what is 99 - -1?
100
In base 6, what is 24 - 20?
4
In base 12, what is 29 + -1b9?
-190
In base 3, what is 20 - -222?
1012
In base 3, what is -1101 + -101200?
-110001
In base 12, what is 2a9 + -5?
2a4
In base 14, what is 4 + -a7?
-a3
In base 8, what is 112 - -14?
126
In base 14, what is -1b54 + 0?
-1b54
In base 14, what is 5 + -116?
-111
In base 15, what is 2d - 6?
27
In base 4, what is -1 - 2300?
-2301
In base 15, what is -24 + -3?
-27
In base 16, what is 1 - -bf4?
bf5
In base 7, what is -5 + -63?
-101
In base 14, what is 424 + 17?
43b
In base 10, what is -5 + -37?
-42
In base 13, what is -73 - -2?
-71
In base 7, what is 266 + -3?
263
In base 15, what is 2ad - 9?
2a4
In base 6, what is 12 - -22?
34
In base 13, what is -460 + -2?
-462
In base 14, what is 16033 + 5?
16038
In base 2, what is -1 - -11001001?
11001000
In base 12, what is 5 + 191?
196
In base 13, what is -3 - -50?
4a
In base 14, what is -13 + -24?
-37
In base 9, what is 0 - -4?
4
In base 7, what is -3511 + 1?
-3510
In base 8, what is 653 - 3?
650
In base 12, what is -a + a?
0
In base 11, what is 6a4 + -1?
6a3
In base 13, what is -93 - -17?
-79
In base 6, what is 3055 + -1?
3054
In base 9, what is 41 - -71?
122
In base 2, what is -1111100011000 + 101?
-1111100010011
In base 10, what is -453 - -4?
-449
In base 16, what is 8 - 113?
-10b
In base 13, what is 1 + -254?
-253
In base 13, what is -74 + -6?
-7a
In base 14, what is -125 - -35?
-d0
In base 2, what is 11000111 - -1010?
11010001
In base 13, what is a901 - -4?
a905
In base 9, what is 50 + -5?
44
In base 11, what is 5 - 480?
-476
In base 13, what is -5 + -44b?
-453
In base 13, what is -34 + -26?
-5a
In base 6, what is -23 + -42?
-105
In base 12, what is 4 + 23b6?
23ba
In base 15, what is 1c3b - 3?
1c38
In base 4, what is 2 + -230?
-222
In base 11, what is 251 - 1?
250
In base 12, what is -4 + -890?
-894
In base 2, what is 101 + 11000?
11101
In base 3, what is -11201220 - -2?
-11201211
In base 6, what is 12 - 30?
-14
In base 7, what is 14232 - 2?
14230
In base 9, what is -5 + -11?
-16
In base 11, what is 0 - 3a?
-3a
In base 2, what is 111 - 1010?
-11
In base 14, what is 2354 + -4?
2350
In base 16, what is 12 - 3?
f
In base 16, what is 3 - -90?
93
In base 4, what is -11303121 + 2?
-11303113
In base 15, what is -2b + -6a?
-96
In base 2, what is 101 - 1011110011100?
-1011110010111
In base 12, what is 8 + 3a?
46
In base 15, what is -7a5 + -1?
-7a6
In base 14, what is 1 - -b7b?
b7c
In base 5, what is -12 - 230?
-242
In base 4, what is 1 - -2001?
2002
In base 13, what is -14 - b5?
-c9
In base 2, what is -11 - 10110111000?
-10110111011
In base 11, what is 16 - -a?
25
In base 3, what is 10002220 - -210?
10010200
In base 14, what is -12 + -41?
-53
In base 11, what is -6888 + 4?
-6884
In base 12, what is 88 + -1?
87
In base 15, what is -4 - -194d?
1949
In base 16, what is 19 - 3?
16
In base 6, what is 33130 - 3?
33123
In base 2, what is -111100000 + -1010?
-111101010
In base 9, what is 45515 - -5?
45521
In base 15, what is -5 - 7a1?
-7a6
In base 15, what is 14 - -2?
16
In base 10, what is -5052 + 5?
-5047
In base 7, what is -2 + -1314?
-1316
In base 11, what is -3 + 342?
33a
In base 6, what is 10 + -144?
-134
In base 16, what is 4 + 17?
1b
In base 14, what is -1 + 41?
40
In base 11, what is 3 - -39?
41
In base 7, what is 5 + -1041?
-1033
In base 3, what is 22022 - -2?
22101
In base 16, what is 0 - -31?
31
In base 9, what is -2 - -154?
152
In base 8, what is -220 - -27?
-171
In base 2, what is -100100000010 - -101?
-100011111101
In base 10, what is -2 - 46?
-48
In base 16, what is -238 - 10?
-248
In base 5, what is -102 - 1120?
-1222
In base 7, what is -102 - 16?
-121
In base 12, what is -60 - -a?
-52
In base 5, what is -10 - -23221?
23211
In base 11, what is 842 - -6?
848
In base 4, what is 1311232 - -2?
1311300
In base 6, what is 5 - 133?
-124
In base 13, what is -6 - 2?
-8
In base 2, what is -100 - 101101?
-110001
In base 14, what is -1 - -21?
20
In base 3, what is 0 + -10001021?
-10001021
In base 2, what is 11101110 + 1011101?
101001011
In base 8, what is -115 + 3?
-112
In base 2, what is 11011000011 - 100?
11010111111
In base 7, what is 4 + 136?
143
In base 11, what is a + -206a?
-2060
In base 8, what is 306 - 2?
304
In base 14, what is -15 + 2cc?
2b7
In base 8, what is -24355 - 2?
-24357
In base 5, what is -221024 + 0?
-221024
In base 5, what is 2 + 12332?
12334
In base 2, what is 11001 + -10011?
110
In base 8, what is -2 - 3367?
-3371
In base 2, what is 11 - -10110100?
10110111
In base 10, what is 0 + 46?
46
In base 2, what is 11101 - 11001?
100
In base 4, what is 0 - -1003?
1003
In base 15, what is 0 - 98?
-98
In base 10, what is 0 - -739?
739
In base 6, what is 4 - -41350?
41354
In base 10, what is -862 - 0?
-862
In base 9, what is -240 + 15?
-224
In base 4, what is -3100 - 11?
-3111
In base 10, what is -259 + 14?
-245
In base 14, what is -7 - -6bc?
6b5
In base 4, what is -1120 - 11?
-1131
In base 8, what is 22 - -2?
24
In base 11, what is -9 - -663?
655
In base 14, what is -c + -b?
-19
In base 2, what is 0 + -10?
-10
In base 12, what is 214 + -4?
210
In base 10, what is 124 - -8?
132
In base 11, what is -2 + -51?
-53
In base 14, what is -2 - -20b8?
20b6
In base 4, what is 1312 - 3?
1303
In base 7, what is 5 - -253?
261
In base 6, what is -354 + 24?
-330
In base 5, what is 0 - -40121?
40121
In base 2, what is 11000111 + -1?
11000110
In base 13, what is -79c - 1?
-7a0
In base 4, what is -3322 - 1333?
-11321
In base 15, what is -12 - 9?
-1b
In base 10, what is 2 - -4241?
4243
In base 9, what is 104 - -5?
110
In bas